+ (0 - 3) - 1).
-26
What is the value of -17 + (8 + -5 + -8 - -24)?
2
4 - -1 - (-3 - (12 - (-1 + (-9 - -10))))
20
What is 29 + -3 - (-24 - (4 + 2) - -33)?
23
What is -3 + 7 + (2 - 7 - 0) - (8 + 38)?
-47
What is the value of -19 - (4 + -8 + -17) - -38?
40
Calculate (-33 + 19 - -34) + 1.
21
Evaluate 5 + 0 + (-1 - 0) + (8009 - 8016) - -38.
35
Calculate (1 - 18) + (232 - 228) + 8.
-5
Calculate -125 - -87 - -59 - (0 + (2 - -58)).
-39
What is 19 - (-14 - -3 - (42 + -91))?
-19
What is 1 + -71 - (-38 + (-20 + -7 - -54))?
-59
What is (-22 - -20) + 5 + -1 - -7?
9
Evaluate -117 + 98 + (-7 - 1) + -6.
-33
Evaluate (-62 + 35 + 5 - (0 - 12)) + 11 + -86.
-85
Evaluate (23 - -16) + (-18 - 4) + 17.
34
Calculate -113 + (26 - -15) + 74.
2
Evaluate (131 - 148) + (-54 - -25).
-46
Calculate (54 - (222 - 108)) + -2 + -29.
-91
What is 9 + -96 + -16 + 140?
37
What is (-15 - -1) + (36 - 30) + (-27 - -35) + 2?
2
Evaluate (0 - 0) + (56 - (52 - -7)) - 54.
-57
Evaluate -59 + (9 - 16) + 28 - 28.
-66
What is the value of (-49 - (-120 + 32)) + -63?
-24
What is 35 + (3 - -9) + -4 + (-2 - -12) + -8?
45
Calculate 1 + -15 + (2553 - 2539 - (40 - -2)).
-42
Evaluate -159 - (-10 - 78) - 27.
-98
What is -37 + -1 + -11 + (-50 - -91 - 32)?
-40
Evaluate (4 + 15 - (-28 - -23)) + (3 + -15 - -11).
23
What is the value of 30 + 10 + -32 + -3?
5
What is 6 - (42 + -36 + 18) - 1?
-19
What is -258 + 316 - (21 + (-4 - 1))?
42
Evaluate (27 - 17) + -48 - 19 - -7 - 3.
-53
What is the value of 16 + 24 - -19 - (36 - 47)?
70
What is -2 - 1 - (1610 + -1673)?
60
Evaluate -56 - 4 - (10 - (20 + 13 + -24)).
-61
What is the value of -1 - (-61 + (47 - 14) - 43)?
70
What is (-1 - -1) + 20 + -25 - (53 - 67) - -25?
34
What is the value of 70 - (2 - 3) - (84 - 24 - (42 + 20))?
73
-114676 - -114678 - ((-1 - (-1 + 0)) + 0 + 39)
-37
Evaluate -12 - (-4 - (-19 - -4 - 1) - 8 - -54).
-70
What is the value of -74 - -62 - (-64 + (2 - (-11 - -3)))?
42
What is the value of 17 + -2 + (7 - 36 - -40) - 2?
24
(11 - 17) + -35 + 139 - (-21 - 0)
119
28 + (13 - 6) + -20 - 4 - 9
2
What is -14 - (10 + -4 + (9 - -6) + -3 + -16)?
-16
-3 + 3 - 10 - (4 - (46 + -20) - 11)
23
Evaluate -11 - (-10 + 2 - 11) - (1 + 5).
2
Evaluate (-50 + 3 - (-218 + 206)) + -2.
-37
-5 - (1 - -13 - (-30 - (27 + -99)))
23
9 - (-52 + 32 + 38)
-9
(-1762 - -1749) + (3 - 3) + (0 - 0)
-13
(44 - -157) + -209 + (2 - 0 - 25)
-31
What is the value of (80 + -82 + 2 + -1 - -7) + -58 - -8?
-44
What is the value of -15 + 50 - (42 - -44)?
-51
What is the value of 33 + 21 + -55 + -1 + 0 - -1?
-1
Evaluate -4 - (33 - (49 - 25)) - 10.
-23
What is the value of (-114 - -53) + 17 - (-18 + -4)?
-22
What is the value of ((-4 - 23) + 43 - (98 + -3)) + 18?
-61
Calculate 121 - (168 - 106) - 90.
-31
14 + 2 + 28 + -9 + -33
2
(-1 - 5) + -1 + 56 + -139 + 80 + 60
50
Evaluate -75 + -1 - (-30 + 52 + 31 + -54).
-75
What is 75 + -43 + -11 + 1?
22
Evaluate -102 + (85 - (-68 + 50)).
1
What is the value of -37 + (31 - 0) + 10?
4
Calculate (-6 - 68) + 507 + -385.
48
(11415 - 11381) + -7 + -2
25
What is the value of 5 + (-50 + 1 - -14) + 10 + -3?
-23
What is the value of -3895 + 3903 - (-1 - -1)?
8
Evaluate -4 + 2 + 10 + 29.
37
(2 - 50 - -1) + 14 + (19 + 6 - 37)
-45
Calculate 50 + (69 - 15) + (-26 - -7) + 2.
87
What is -34 - -26 - (-34 - -10)?
16
Calculate 25 + -7 - ((17 - -16) + 10).
-25
What is the value of (28 - (-13 + 0 + (-2 - -8 - 1))) + 9?
45
What is the value of 928 + -892 - (-1 + (-64 - 6))?
107
-1 - (12 - (8 + -28 + 27))
-6
Evaluate 0 + -10 - (-9 + 29 + -10 + -12 + -134).
126
Evaluate -30 + -8 - (-766 + 655).
73
Evaluate -73 + 14 + (-12 - -72).
1
Calculate -34 + 7 + (2 - (13 - -2)).
-40
Calculate 142 - (26 - 15 - -82).
49
What is the value of -40 - (-57 + 82 - 138)?
73
What is the value of -729 - -803 - (1 + 170)?
-97
What is the value of -3 + -47 + (-1440 - -1478)?
-12
What is the value of 10 + (14 - (10 - 8)) + (-2 - -9)?
29
Calculate (9 - 2) + 10 - (-19 + -2 - -8).
30
What is 50 - 35 - (36 + -10) - (49 + 1)?
-61
What is the value of -28 - ((-30 - -76) + -37)?
-37
What is -61 + -14 + (14 - -33) + (0 - 14)?
-42
Calculate -40 - (-25 + 19 + -1 + (17 - 0)).
-50
What is 8 - (-17 + -64 + 29)?
60
What is the value of (7 - 51 - -35) + (54 - 8) + -8?
29
(0 - -4) + -2 + 13 + (215 - 196)
34
What is the value of -5 - (2 - -37 - (-34 - -52))?
-26
What is 93 + (67 - 142) - (104 - (1 - -3))?
-82
Evaluate 0 - 23 - (48 + -198 - -129).
-2
Calculate 73 - (-3 + 1 - 19 - (-12 - 9 - -9)).
82
What is the value of (-18 - (-20 + -9)) + (2 - 0) - (172 - 39)?
-120
Evaluate 2 + (36 - 41 - 4).
-7
What is 3 - (31 - (2 - 5) - (-58 - (31 - 101)))?
-19
What is the value of 101 + 5 + (-339 - -248)?
15
What is 24659 + -24739 + (2 - 2 - 10)?
-90
What is (56 + 35 - 46) + -39?
6
Calculate (2 + 11 - -1) + (-26 + 67 - 32).
23
Evaluate 68 + (3 - 3) + (-67 - -20 - -48).
69
What is 23 - (-36 + (-15 - -20 - -17))?
37
What is the value of (-2 - (-13 + 7) - 14) + 6 - -1?
-3
Evaluate 10 + (-14 - -19) + 9 + 9.
33
Calculate -10 - -5 - -6 - (4 + 2 + -9 + 9).
-5
(-27 + -21 - 16) + -17 + (6 - 1)
-76
Calculate (-13 - (-61 + (-19 - -8))) + 15 + (-3 - 1).
70
Evaluate 9 + 1 + -188 + 185 + (3 - -5 - -15).
30
What is the value of 30 + (-102 - -48) - -72?
48
Calculate 138 - (118 - (-166 - -9)).
-137
What is (2 - 21 - 55) + 96 - (24 + -1)?
-1
Calculate -8 + 77 - ((-2 - -9) + -67 + 66).
63
16 - (2 + 14 - (11 - 6)) - -13
18
Evaluate 30 + (-1 - 33) + (14 - 13).
-3
Evaluate -62 + -35 + 74 + -46.
-69
What is (6 - 2) + (-16 + 10 - (114 + 4 + 3))?
-123
(0 + -1 - (15 - -30)) + (-6 - (-5 - -2))
-49
What is the value of (5 - (-8 + -17 + 22 - (-14 + -1))) + 46?
39
What is the value of 9 + -19 + (-14 - (37 - -30))?
-91
-46 - (-153 - 35 - -11)
131
What is the value of -117 - (-18 + -25 + 29 + -13)?
-90
-8 - 4 - (407 - 439)
20
Calculate 6 + -2 + 9 + (5 - 10 - 81).
-73
What is 46 - (2 + 39 + -39)?
44
Evaluate 48 + -1 + (-26 - (30 + -88 - -33)).
46
What is the value of (108 + -88 - (-2 - (3 + -1))) + 11?
35
What is the value of -17 - ((-38 - 0) + 141 + -201 + 85)?
-4
What is the value of 14 + -7 - (-46 - (-12 + 10)) - 13?
38
What is (12 - (-11 - -22) - (-7 - -1)) + (5 - 1)?
11
Calculate 342 - 353 - ((-14 - 1) + 0) - -4.
8
What is -69 + ((40 - 0) + -18 - 21)?
-68
What is 61 + -76 - -58 - -13?
56
What is the value of 11 + -2 - ((12 - 36) + -30 + -7 + 6)?
64
75 + -37 + (-79 - 0)
-41
What is -8 - (138 - 118 - (-4 + 33) - (43 - 0))?
44
Evaluate (-7 - -2) + (1 - 2 - (-314 + 319)).
-11
Calculate -5 + 2 - (17 + 59 + -74).
-5
Calculate 107 + -28 + (0 - 19).
60
What is (4 - 7 - (1 + -64)) + 19 + -3 + -28?
48
What is 1 + 32 + 2 + -72 + 79 + (19 - 28)?
33
What is the value of -19 - (3 - 12) - (-108 - -87)?
11
What is the value of (4 + -1 - 4) + 2 - (-35 + -6 + -24)?
66
Evaluate -7 + -18 - (1 + -43 - 42).
59
What is (-2 + -3 - -2) + -1 + (-7 - -13) + 104?
106
What is the value of 3 - (-4 + 2) - (132 + -79 + -15)?
-33
What is the value of 2 - (4 - ((-1 - (-23 - -4)) + 0))?
16
Evaluate (-64 - (21 + -161)) + -38.
38
What is the value of (1 - -17) + (9783 - 9846)?
-45
Evaluate 14 + 16 - (0 + 1 - 4).
33
Evaluate 116 + (-47 + -40 - -69).
98
8 + (-19 - -4) + -41 + -7 + -19 + 12
-62
Evaluate 3842 + -3861 - (2 - -38).
-59
-4 + (-33 + 2 - ((1 - -15) + -23))
-28
(1 + -2 - -3) + (-2 - -4) + -21 + 1
-16
Calculate 49 + -31 + 43 + -30.
31
What is the value of -22 - (2 - 1) - (19 - (21 - -8))?
-13
What is -12 + (142 - -5 - 30 - (-13 - 1))?
119
Calculate 17 + (102 + -108 - -99).
110
What is -143 - (-156 - 4 - -39)?
-22
Evaluate 8 + 1 - (64 + (-6 - -3 - 5) - -13).
-60
Calculate 56 + (2 - 5 - (4 + (-16 - 18 - -13))).
70
Calculate 2 + (-106 - 21 - -23) + -17 + 1 + -9.
-127
What is the value of (-2 - -7) + (2 - (1 + -4 + (18 - 14)))?
6
Calculate -1 + 35 - ((0 - 4) + 323 + -314).
29
Calculate (10 - (-24 + 25)) + (-2 - 70).
-63
What is the value of -27 + 6 - -34 - 15 - (-64 - -1)?
61
(8 - (15 - 48)) + -28
13
(-4 - 0 - (80 - 64)) + (224 - 92)
112
29 - 3 - (3 - 7 - 0)
30
What is the value of 2 + 2 + -30 + (-16 + -18 - -30)?
-30
What is 20 - -97 - 117 - (4 + -1)?
-3
Evaluate -33 - (139 + (-118 - 40)).
-14
Evaluate -28 + 116 + (-77 - -31).
42
Evaluate 92 + 2 + -1 - (40 + -11 + -12).
76
What is 0 + 24 + -28 + (10 - -3)?
9
Calculate -5 + 11 + -5 + 19 + -1 - (-798 + 803).
14
Evaluate -10 + 11 + -3 + 43 +